{"id":318,"date":"2017-03-29T13:07:22","date_gmt":"2017-03-29T13:07:22","guid":{"rendered":"http:\/\/newnotio.fuelthemes.net\/oracle\/?page_id=318"},"modified":"2026-01-13T11:57:23","modified_gmt":"2026-01-13T10:57:23","slug":"strona-w-przygotowaniu","status":"publish","type":"page","link":"https:\/\/stuko.pl\/","title":{"rendered":"Strona w przygotowaniu"},"content":{"rendered":"<div class=\"wpb-content-wrapper\">[vc_row thb_full_width=&#8221;true&#8221; thb_row_padding=&#8221;true&#8221; content_placement=&#8221;middle&#8221; css=&#8221;.vc_custom_1616232637643{border-top-width: 1px !important;border-right-width: 1px !important;border-bottom-width: 1px !important;border-left-width: 1px !important;border-left-color: rgba(177,185,191,0.44) !important;border-left-style: solid !important;border-right-color: rgba(177,185,191,0.44) !important;border-right-style: solid !important;border-top-color: rgba(177,185,191,0.44) !important;border-top-style: solid !important;border-bottom-color: rgba(177,185,191,0.44) !important;border-bottom-style: solid !important;border-radius: 1px !important;}&#8221;][vc_column width=&#8221;1\/2&#8243; css=&#8221;.vc_custom_1616232655454{padding-top: 10% !important;padding-right: 10% !important;padding-bottom: 10% !important;padding-left: 10% !important;}&#8221;][vc_empty_space height=&#8221;5vh&#8221;]\t<div id=\"thb-slidetype-69d0e5a71e26f\" class=\"thb-slidetype \" data-style=\"style2\">\n\t\t\n<h1><span class=\"thb-slidetype-entry\"><span class=\"lines\">JESTE\u015aMY STUKO<\/span><\/span><\/h1>\n\t\t\t\t<style>\n\t\t\t#thb-slidetype-69d0e5a71e26f .thb-slidetype-entry {\n\t\t\t\tcolor: #34493A;\n\t\t\t}\n\t\t<\/style>\n\t\t\t<\/div>\n\n\t\t<div id=\"thb-stroketype-69d0e5a71e2a9\" class=\"thb-stroketype  \">\n\t\t\n<h3>i tworzymy unikalne wn\u0119trza<\/h3>\n\n\t\t<style>\n\t\t\t\t\t\t#thb-stroketype-69d0e5a71e2a9 * {\n\t\t\t\tcolor: #CCCCCC;\n\t\t\t\t-webkit-text-stroke-color: #CCCCCC;\n\t\t\t-moz-text-stroke-color: #CCCCCC;\n\t\t\t-o-text-stroke-color: #CCCCCC;\n\t\t\t-ms-text-stroke-color: #CCCCCC;\n\t\t\ttext-stroke-color: #CCCCCC;\n\t\t\t}\n\t\t\t\t\t\t\t\t\t#thb-stroketype-69d0e5a71e2a9 * {\n\t\t\t\t-webkit-text-stroke-width: 1px;\n\t\t\t-moz-text-stroke-width: 1px;\n\t\t\t-o-text-stroke-width: 1px;\n\t\t\t-ms-text-stroke-width: 1px;\n\t\t\ttext-stroke-width: 1px;\n\t\t\t}\n\t\t\t\t\t<\/style>\n\t<\/div>\n\n\t[vc_empty_space height=&#8221;10px&#8221;][vc_empty_space height=&#8221;38px&#8221;][vc_empty_space height=&#8221;5vh&#8221;][\/vc_column][vc_column width=&#8221;1\/2&#8243; css=&#8221;.vc_custom_1768301840052{padding-bottom: 50% !important;}&#8221;][\/vc_column][\/vc_row][vc_row][vc_column][vc_empty_space height=&#8221;100px&#8221;]\t<div id=\"thb-highlighttype-69d0e5a71e353\" class=\"thb-highlighttype thb-highlight-hover  animation fade-in\">\n\t\t\n<h2>Specjalizujemy si\u0119 w sprzeda\u017cy i aplikacji autentycznych tynk\u00f3w <span class=\"thb-highlight\">marmurowych<\/span>, wapiennych i cementowych<\/h2>\n\n\t\t<style>\n\t\t\t\t\t\t\t#thb-highlighttype-69d0e5a71e353.thb-highlighttype {\n\t\t\t\t\tcolor: #242527;\n\t\t\t\t}\n\t\t\t\t\t\t\t\t\t\t#thb-highlighttype-69d0e5a71e353.thb-highlighttype .thb-highlight {\n\t\t\t\t\tbackground-image: linear-gradient( #70947A,  #70947A);\n\t\t\t\t}\n\t\t\t\t\t\t\t\t\t\t#thb-highlighttype-69d0e5a71e353.thb-highlighttype .thb-highlight {\n\t\t\t\t\tbackground-size: 0% 30%;\n\t\t\t\t}\n\t\t\t\t\t<\/style>\n\n\t<\/div>\n\n\t[vc_empty_space height=&#8221;100px&#8221;][\/vc_column][\/vc_row][vc_row thb_full_width=&#8221;true&#8221; thb_row_padding=&#8221;true&#8221; content_placement=&#8221;middle&#8221;][vc_column width=&#8221;1\/2&#8243; css=&#8221;.vc_custom_1727887196908{padding-top: 50% !important;padding-right: 20% !important;padding-bottom: 50% !important;padding-left: 20% !important;background-image: url(http:\/\/stuko.pl\/wp-content\/uploads\/2024\/10\/IMG_5533-scaled-e1727887172364.jpg?id=864) !important;background-position: center !important;background-repeat: no-repeat !important;background-size: cover !important;}&#8221;][\/vc_column][vc_column fixed=&#8221;thb-fixed&#8221; width=&#8221;1\/2&#8243;][vc_column_text css=&#8221;.vc_custom_1727890315600{padding-top: 10% !important;padding-right: 15% !important;padding-bottom: 10% !important;padding-left: 15% !important;}&#8221; animation=&#8221;animation bottom-to-top&#8221;]\n<h5>Nasze produkty nie tylko zachwycaj\u0105 estetyk\u0105, ale tak\u017ce dbaj\u0105 o Twoje zdrowie oraz otaczaj\u0105ce nas \u015brodowisko. Stawiamy na mineralne, oddychaj\u0105ce materia\u0142y, kt\u00f3re tworz\u0105 przyjazny mikroklimat w Twoim domu. Do\u0142\u0105cz do naszej misji kreowania przestrzeni, w kt\u00f3rych natura, design i funkcjonalno\u015b\u0107 \u0142\u0105cz\u0105 si\u0119 w doskona\u0142ej harmonii.<\/h5>\n[\/vc_column_text][\/vc_column][\/vc_row][vc_row thb_full_width=&#8221;true&#8221; thb_row_padding=&#8221;true&#8221; content_placement=&#8221;middle&#8221;][vc_column fixed=&#8221;thb-fixed&#8221; width=&#8221;1\/2&#8243; css=&#8221;.vc_custom_1727890668079{padding-top: 10% !important;padding-right: 15% !important;padding-bottom: 10% !important;padding-left: 15% !important;}&#8221;][vc_column_text css=&#8221;&#8221; animation=&#8221;animation bottom-to-top&#8221;]Tynki, kt\u00f3re stosujemy to nie tylko estetyczny wyb\u00f3r, ale tak\u017ce \u015bwiadome podej\u015bcie do zdrowia i \u015brodowiska. Ka\u017cdy z produkt\u00f3w opiera si\u0119 na naturalnych sk\u0142adnikach, kt\u00f3re zapewniaj\u0105 trwa\u0142o\u015b\u0107, wyj\u0105tkow\u0105 struktur\u0119 oraz zdolno\u015b\u0107 do regulacji wilgotno\u015bci, tworz\u0105c zdrowy klimat wewn\u0105trz Twojego domu. Dzi\u0119ki wysokiej jako\u015bci surowcom, nasze tynki s\u0105 przyjazne alergikom i stanowi\u0105 doskona\u0142y wyb\u00f3r do nowoczesnych, zr\u00f3wnowa\u017conych wn\u0119trz.<\/p>\n<p>Wspieramy rozw\u00f3j ekologicznego budownictwa, wierz\u0105c, \u017ce ka\u017cdy projekt powinien szanowa\u0107 natur\u0119, jednocze\u015bnie oferuj\u0105c pi\u0119kno i funkcjonalno\u015b\u0107. Wsp\u00f3\u0142pracuj\u0105c z nami, tworzysz przestrzenie, kt\u00f3re s\u0105 nie tylko pi\u0119kne, ale r\u00f3wnie\u017c pe\u0142ne harmonii z otaczaj\u0105cym \u015bwiatem.[\/vc_column_text][vc_empty_space height=&#8221;40px&#8221;][\/vc_column][vc_column width=&#8221;1\/2&#8243; css=&#8221;.vc_custom_1727889627299{padding-top: 50% !important;padding-right: 20% !important;padding-bottom: 50% !important;padding-left: 20% !important;background-image: url(http:\/\/stuko.pl\/wp-content\/uploads\/2024\/10\/IMG_3844.jpg?id=883) !important;background-position: center !important;background-repeat: no-repeat !important;background-size: cover !important;}&#8221;][\/vc_column][\/vc_row][vc_section full_width=&#8221;stretch_row&#8221; css=&#8221;.vc_custom_1616240607596{background-color: #f6f5f2 !important;}&#8221;][vc_row][vc_column][vc_empty_space height=&#8221;100px&#8221;][vc_column_text css=&#8221;&#8221; animation=&#8221;animation bottom-to-top&#8221; el_class=&#8221;text-center&#8221;]\n<h2>KOLORYSTYKA<\/h2>\n<p><span class=\"OYPEnA font-feature-liga-off font-feature-clig-off font-feature-calt-off text-decoration-none text-strikethrough-none\">Nasze tynki zawdzi\u0119czaj\u0105 swoje unikatowe odcienie naturalnym barwnikom pochodz\u0105cym z minera\u0142\u00f3w i ro\u015blin. Te ekologiczne pigmenty s\u0105 nie tylko bezpieczne dla zdrowia, ale r\u00f3wnie\u017c wyj\u0105tkowo trwa\u0142e, dzi\u0119ki czemu kolory pozostaj\u0105 intensywne przez lata. Naturalne barwniki nie emituj\u0105 szkodliwych substancji, co sprawia, \u017ce nasze tynki s\u0105 idealnym wyborem dla ka\u017cdego, kto ceni sobie zdrowe i przyjazne \u015brodowisku rozwi\u0105zania.<\/span>[\/vc_column_text][vc_empty_space height=&#8221;30px&#8221;]\t<div id=\"thb-client-logos-67\" class=\"thb-client-row \">\n\t\t<div class=\"row no-padding slick\" data-columns=\"small-6 large-2\" data-navigation=\"true\">\n\t\t\t\t<div class=\"thb-client columns\" style=\"border-color: #f0f0f0\">\n\t\t\t\t\t<img loading=\"lazy\" decoding=\"async\" width=\"720\" height=\"1280\" src=\"https:\/\/stuko.pl\/wp-content\/uploads\/2024\/10\/Neutro.png\" class=\"attachment-full\" alt=\"\" title=\"Neutro\" srcset=\"https:\/\/stuko.pl\/wp-content\/uploads\/2024\/10\/Neutro.png 720w, https:\/\/stuko.pl\/wp-content\/uploads\/2024\/10\/Neutro-169x300.png 169w, https:\/\/stuko.pl\/wp-content\/uploads\/2024\/10\/Neutro-576x1024.png 576w, https:\/\/stuko.pl\/wp-content\/uploads\/2024\/10\/Neutro-300x533.png 300w, https:\/\/stuko.pl\/wp-content\/uploads\/2024\/10\/Neutro-150x267.png 150w, https:\/\/stuko.pl\/wp-content\/uploads\/2024\/10\/Neutro-600x1067.png 600w, https:\/\/stuko.pl\/wp-content\/uploads\/2024\/10\/Neutro-20x36.png 20w\" sizes=\"auto, (max-width: 720px) 100vw, 720px\" \/>\t\t\t<\/div>\n\t\t<div class=\"thb-client columns\" style=\"border-color: #f0f0f0\">\n\t\t\t\t\t<img loading=\"lazy\" decoding=\"async\" width=\"720\" height=\"1280\" src=\"https:\/\/stuko.pl\/wp-content\/uploads\/2024\/10\/NATURALNY.zip-32-e1727885719132.png\" class=\"attachment-full\" alt=\"\" title=\"Olive 10g\" \/>\t\t\t<\/div>\n\t\t<div class=\"thb-client columns\" style=\"border-color: #f0f0f0\">\n\t\t\t\t\t<img loading=\"lazy\" decoding=\"async\" width=\"720\" height=\"1280\" src=\"https:\/\/stuko.pl\/wp-content\/uploads\/2024\/10\/NATURALNY.zip-31-e1727885693768.png\" class=\"attachment-full\" alt=\"\" title=\"Olive 20g\" \/>\t\t\t<\/div>\n\t\t<div class=\"thb-client columns\" style=\"border-color: #f0f0f0\">\n\t\t\t\t\t<img loading=\"lazy\" decoding=\"async\" width=\"720\" height=\"1280\" src=\"https:\/\/stuko.pl\/wp-content\/uploads\/2024\/10\/NATURALNY.zip-30-e1727885670121.png\" class=\"attachment-full\" alt=\"\" title=\"Olive 40g\" \/>\t\t\t<\/div>\n\t\t<div class=\"thb-client columns\" style=\"border-color: #f0f0f0\">\n\t\t\t\t\t<img loading=\"lazy\" decoding=\"async\" width=\"720\" height=\"1280\" src=\"https:\/\/stuko.pl\/wp-content\/uploads\/2024\/10\/NATURALNY.zip-29-e1727885634273.png\" class=\"attachment-full\" alt=\"\" title=\"Olive 80g\" \/>\t\t\t<\/div>\n\t\t<div class=\"thb-client columns\" style=\"border-color: #f0f0f0\">\n\t\t\t\t\t<img loading=\"lazy\" decoding=\"async\" width=\"720\" height=\"1280\" src=\"https:\/\/stuko.pl\/wp-content\/uploads\/2024\/10\/NATURALNY.zip-28-e1727886331613.png\" class=\"attachment-full\" alt=\"\" title=\"Sand 10g\" \/>\t\t\t<\/div>\n\t\t<div class=\"thb-client columns\" style=\"border-color: #f0f0f0\">\n\t\t\t\t\t<img loading=\"lazy\" decoding=\"async\" width=\"720\" height=\"1280\" src=\"https:\/\/stuko.pl\/wp-content\/uploads\/2024\/10\/NATURALNY.zip-27-e1727886310490.png\" class=\"attachment-full\" alt=\"\" title=\"Sand 20g\" \/>\t\t\t<\/div>\n\t\t<div class=\"thb-client columns\" style=\"border-color: #f0f0f0\">\n\t\t\t\t\t<img loading=\"lazy\" decoding=\"async\" width=\"720\" height=\"1280\" src=\"https:\/\/stuko.pl\/wp-content\/uploads\/2024\/10\/NATURALNY.zip-26-e1727886293975.png\" class=\"attachment-full\" alt=\"\" title=\"Sand 40g\" \/>\t\t\t<\/div>\n\t\t<div class=\"thb-client columns\" style=\"border-color: #f0f0f0\">\n\t\t\t\t\t<img loading=\"lazy\" decoding=\"async\" width=\"720\" height=\"1280\" src=\"https:\/\/stuko.pl\/wp-content\/uploads\/2024\/10\/NATURALNY.zip-25-e1727886277854.png\" class=\"attachment-full\" alt=\"\" title=\"Sand 80g\" \/>\t\t\t<\/div>\n\t\t<div class=\"thb-client columns\" style=\"border-color: #f0f0f0\">\n\t\t\t\t\t<img loading=\"lazy\" decoding=\"async\" width=\"720\" height=\"1280\" src=\"https:\/\/stuko.pl\/wp-content\/uploads\/2024\/10\/NATURALNY.zip-24-e1727886243378.png\" class=\"attachment-full\" alt=\"\" title=\"Straw 10g\" \/>\t\t\t<\/div>\n\t\t<div class=\"thb-client columns\" style=\"border-color: #f0f0f0\">\n\t\t\t\t\t<img loading=\"lazy\" decoding=\"async\" width=\"720\" height=\"1280\" src=\"https:\/\/stuko.pl\/wp-content\/uploads\/2024\/10\/NATURALNY.zip-23-e1727886209536.png\" class=\"attachment-full\" alt=\"\" title=\"Straw 20g\" \/>\t\t\t<\/div>\n\t\t<div class=\"thb-client columns\" style=\"border-color: #f0f0f0\">\n\t\t\t\t\t<img loading=\"lazy\" decoding=\"async\" width=\"720\" height=\"1280\" src=\"https:\/\/stuko.pl\/wp-content\/uploads\/2024\/10\/NATURALNY.zip-22-e1727886191947.png\" class=\"attachment-full\" alt=\"\" title=\"Straw 40g\" \/>\t\t\t<\/div>\n\t\t<div class=\"thb-client columns\" style=\"border-color: #f0f0f0\">\n\t\t\t\t\t<img loading=\"lazy\" decoding=\"async\" width=\"720\" height=\"1280\" src=\"https:\/\/stuko.pl\/wp-content\/uploads\/2024\/10\/NATURALNY.zip-21-e1727886164120.png\" class=\"attachment-full\" alt=\"\" title=\"Straw 80g\" \/>\t\t\t<\/div>\n\t\t<div class=\"thb-client columns\" style=\"border-color: #f0f0f0\">\n\t\t\t\t\t<img loading=\"lazy\" decoding=\"async\" width=\"720\" height=\"1280\" src=\"https:\/\/stuko.pl\/wp-content\/uploads\/2024\/10\/NATURALNY.zip-20-e1727886117236.png\" class=\"attachment-full\" alt=\"\" title=\"Mud 10g\" \/>\t\t\t<\/div>\n\t\t<div class=\"thb-client columns\" style=\"border-color: #f0f0f0\">\n\t\t\t\t\t<img loading=\"lazy\" decoding=\"async\" width=\"720\" height=\"1280\" src=\"https:\/\/stuko.pl\/wp-content\/uploads\/2024\/10\/NATURALNY.zip-19-e1727886100906.png\" class=\"attachment-full\" alt=\"\" title=\"Mud 20g\" \/>\t\t\t<\/div>\n\t\t<div class=\"thb-client columns\" style=\"border-color: #f0f0f0\">\n\t\t\t\t\t<img loading=\"lazy\" decoding=\"async\" width=\"720\" height=\"1280\" src=\"https:\/\/stuko.pl\/wp-content\/uploads\/2024\/10\/NATURALNY.zip-18-e1727886082551.png\" class=\"attachment-full\" alt=\"\" title=\"Mud 40g\" \/>\t\t\t<\/div>\n\t\t<div class=\"thb-client columns\" style=\"border-color: #f0f0f0\">\n\t\t\t\t\t<img loading=\"lazy\" decoding=\"async\" width=\"720\" height=\"1280\" src=\"https:\/\/stuko.pl\/wp-content\/uploads\/2024\/10\/NATURALNY.zip-17-e1727886063361.png\" class=\"attachment-full\" alt=\"\" title=\"Mud 80g\" \/>\t\t\t<\/div>\n\t\t<div class=\"thb-client columns\" style=\"border-color: #f0f0f0\">\n\t\t\t\t\t<img loading=\"lazy\" decoding=\"async\" width=\"720\" height=\"1280\" src=\"https:\/\/stuko.pl\/wp-content\/uploads\/2024\/10\/NATURALNY.zip-16-e1727886044245.png\" class=\"attachment-full\" alt=\"\" title=\"Peach 10g\" \/>\t\t\t<\/div>\n\t\t<div class=\"thb-client columns\" style=\"border-color: #f0f0f0\">\n\t\t\t\t\t<img loading=\"lazy\" decoding=\"async\" width=\"720\" height=\"1280\" src=\"https:\/\/stuko.pl\/wp-content\/uploads\/2024\/10\/NATURALNY.zip-15-e1727886024637.png\" class=\"attachment-full\" alt=\"\" title=\"Peach 20g\" \/>\t\t\t<\/div>\n\t\t<div class=\"thb-client columns\" style=\"border-color: #f0f0f0\">\n\t\t\t\t\t<img loading=\"lazy\" decoding=\"async\" width=\"720\" height=\"1280\" src=\"https:\/\/stuko.pl\/wp-content\/uploads\/2024\/10\/NATURALNY.zip-14-e1727885965944.png\" class=\"attachment-full\" alt=\"\" title=\"Peach 40g\" \/>\t\t\t<\/div>\n\t\t<div class=\"thb-client columns\" style=\"border-color: #f0f0f0\">\n\t\t\t\t\t<img loading=\"lazy\" decoding=\"async\" width=\"720\" height=\"1280\" src=\"https:\/\/stuko.pl\/wp-content\/uploads\/2024\/10\/NATURALNY.zip-13-e1727885934793.png\" class=\"attachment-full\" alt=\"\" title=\"Peach 80g\" \/>\t\t\t<\/div>\n\t\t<div class=\"thb-client columns\" style=\"border-color: #f0f0f0\">\n\t\t\t\t\t<img loading=\"lazy\" decoding=\"async\" width=\"720\" height=\"1280\" src=\"https:\/\/stuko.pl\/wp-content\/uploads\/2024\/10\/NATURALNY.zip-12-e1727885905698.png\" class=\"attachment-full\" alt=\"\" title=\"Brick 10g\" \/>\t\t\t<\/div>\n\t\t<div class=\"thb-client columns\" style=\"border-color: #f0f0f0\">\n\t\t\t\t\t<img loading=\"lazy\" decoding=\"async\" width=\"720\" height=\"1280\" src=\"https:\/\/stuko.pl\/wp-content\/uploads\/2024\/10\/NATURALNY.zip-11-e1727885881619.png\" class=\"attachment-full\" alt=\"\" title=\"Brick 20g\" \/>\t\t\t<\/div>\n\t\t<div class=\"thb-client columns\" style=\"border-color: #f0f0f0\">\n\t\t\t\t\t<img loading=\"lazy\" decoding=\"async\" width=\"720\" height=\"1280\" src=\"https:\/\/stuko.pl\/wp-content\/uploads\/2024\/10\/NATURALNY.zip-10-e1727885856553.png\" class=\"attachment-full\" alt=\"\" title=\"Brick 40g\" \/>\t\t\t<\/div>\n\t\t<div class=\"thb-client columns\" style=\"border-color: #f0f0f0\">\n\t\t\t\t\t<img loading=\"lazy\" decoding=\"async\" width=\"720\" height=\"1280\" src=\"https:\/\/stuko.pl\/wp-content\/uploads\/2024\/10\/NATURALNY.png-1-e1727885740485.png\" class=\"attachment-full\" alt=\"\" title=\"Brick 80g\" \/>\t\t\t<\/div>\n\t\t<div class=\"thb-client columns\" style=\"border-color: #f0f0f0\">\n\t\t\t\t\t<img loading=\"lazy\" decoding=\"async\" width=\"720\" height=\"1280\" src=\"https:\/\/stuko.pl\/wp-content\/uploads\/2024\/10\/NATURALNY.zip-4-e1727886401405.png\" class=\"attachment-full\" alt=\"\" title=\"Mint 10g\" \/>\t\t\t<\/div>\n\t\t<div class=\"thb-client columns\" style=\"border-color: #f0f0f0\">\n\t\t\t\t\t<img loading=\"lazy\" decoding=\"async\" width=\"720\" height=\"1280\" src=\"https:\/\/stuko.pl\/wp-content\/uploads\/2024\/10\/NATURALNY.zip-3-e1727886386219.png\" class=\"attachment-full\" alt=\"\" title=\"Mint 20g\" \/>\t\t\t<\/div>\n\t\t<div class=\"thb-client columns\" style=\"border-color: #f0f0f0\">\n\t\t\t\t\t<img loading=\"lazy\" decoding=\"async\" width=\"720\" height=\"1280\" src=\"https:\/\/stuko.pl\/wp-content\/uploads\/2024\/10\/NATURALNY.zip-2-e1727886370784.png\" class=\"attachment-full\" alt=\"\" title=\"Mint 40g\" \/>\t\t\t<\/div>\n\t\t<div class=\"thb-client columns\" style=\"border-color: #f0f0f0\">\n\t\t\t\t\t<img loading=\"lazy\" decoding=\"async\" width=\"720\" height=\"1280\" src=\"https:\/\/stuko.pl\/wp-content\/uploads\/2024\/10\/NATURALNY.zip-1-e1727886349947.png\" class=\"attachment-full\" alt=\"\" title=\"Mint 80g\" \/>\t\t\t<\/div>\n\t\t<div class=\"thb-client columns\" style=\"border-color: #f0f0f0\">\n\t\t\t\t\t<img loading=\"lazy\" decoding=\"async\" width=\"720\" height=\"1280\" src=\"https:\/\/stuko.pl\/wp-content\/uploads\/2024\/10\/NATURALNY.zip-8-e1727886469668.png\" class=\"attachment-full\" alt=\"\" title=\"Sky 10g\" \/>\t\t\t<\/div>\n\t\t<div class=\"thb-client columns\" style=\"border-color: #f0f0f0\">\n\t\t\t\t\t<img loading=\"lazy\" decoding=\"async\" width=\"720\" height=\"1280\" src=\"https:\/\/stuko.pl\/wp-content\/uploads\/2024\/10\/NATURALNY.zip-7-e1727886454203.png\" class=\"attachment-full\" alt=\"\" title=\"Sky 20g\" \/>\t\t\t<\/div>\n\t\t<div class=\"thb-client columns\" style=\"border-color: #f0f0f0\">\n\t\t\t\t\t<img loading=\"lazy\" decoding=\"async\" width=\"720\" height=\"1280\" src=\"https:\/\/stuko.pl\/wp-content\/uploads\/2024\/10\/NATURALNY.zip-6-e1727886435202.png\" class=\"attachment-full\" alt=\"\" title=\"Sky 40g\" \/>\t\t\t<\/div>\n\t\t<div class=\"thb-client columns\" style=\"border-color: #f0f0f0\">\n\t\t\t\t\t<img loading=\"lazy\" decoding=\"async\" width=\"720\" height=\"1280\" src=\"https:\/\/stuko.pl\/wp-content\/uploads\/2024\/10\/NATURALNY.zip-5-e1727886418865.png\" class=\"attachment-full\" alt=\"\" title=\"Sky 80g\" \/>\t\t\t<\/div>\n\t\t\t<\/div>\n\t<\/div>\n\t[vc_empty_space height=&#8221;100px&#8221;][\/vc_column][\/vc_row][\/vc_section][vc_row thb_full_width=&#8221;true&#8221; thb_row_padding=&#8221;true&#8221;][vc_column width=&#8221;1\/2&#8243;][vc_column_text css=&#8221;.vc_custom_1761720164490{padding-top: 10% !important;padding-right: 15% !important;padding-bottom: 10% !important;padding-left: 15% !important;}&#8221; animation=&#8221;animation bottom-to-top&#8221;]\n<h5>Realizujemy projekty w ca\u0142ej Polsce<\/h5>\n<h5>Skontaktuj si\u0119 w celu um\u00f3wienia spotkania<\/h5>\n<h5><a href=\"mailto:hej@stuko.pl\"><strong>hej@stuko.pl<\/strong><\/a><\/h5>\n<p>&nbsp;<\/p>\n<h5>STUKO Sp. z o.o.<\/h5>\n<h5>PL <span class=\"pre-mobile:text-xs-small-line questo-paywall\">7011246381<\/span><\/h5>\n<h5>Adres korespondencyjny: ul. Stefana Batorego 18\/108<\/h5>\n<h5>02-591 Warszawa<\/h5>\n<h5>TR\u00d3JMIASTO &#8211; WARSZAWA &#8211; KRAK\u00d3W<\/h5>\n<div class=\"krs ng-star-inserted\"><\/div>\n[\/vc_column_text][\/vc_column][vc_column thb_color=&#8221;thb-light-column&#8221; width=&#8221;1\/2&#8243;][\/vc_column][\/vc_row]\n<\/div>","protected":false},"excerpt":{"rendered":"<p>[vc_row thb_full_width=&#8221;true&#8221; thb_row_padding=&#8221;true&#8221; content_placement=&#8221;middle&#8221; css=&#8221;.vc_custom_1616232637643{border-top-width: 1px !important;border-right-width: 1px !important;border-bottom-width: 1px !important;border-left-width: 1px !important;border-left-color: rgba(177,185,191,0.44) !important;border-left-style: solid !important;border-right-color: rgba(177,185,191,0.44) !important;border-right-style: solid !important;border-top-color: rgba(177,185,191,0.44) !important;border-top-style: solid !important;border-bottom-color: rgba(177,185,191,0.44) !important;border-bottom-style: solid !important;border-radius: 1px !important;}&#8221;][vc_column width=&#8221;1\/2&#8243; css=&#8221;.vc_custom_1616232655454{padding-top: 10% !important;padding-right: 10% !important;padding-bottom: 10% !important;padding-left: 10% !important;}&#8221;][vc_empty_space height=&#8221;5vh&#8221;][vc_empty_space height=&#8221;10px&#8221;][vc_empty_space height=&#8221;38px&#8221;][vc_empty_space height=&#8221;5vh&#8221;][\/vc_column][vc_column width=&#8221;1\/2&#8243; css=&#8221;.vc_custom_1768301840052{padding-bottom: 50% !important;}&#8221;][\/vc_column][\/vc_row][vc_row][vc_column][vc_empty_space height=&#8221;100px&#8221;][vc_empty_space height=&#8221;100px&#8221;][\/vc_column][\/vc_row][vc_row thb_full_width=&#8221;true&#8221; thb_row_padding=&#8221;true&#8221; content_placement=&#8221;middle&#8221;][vc_column width=&#8221;1\/2&#8243;&hellip;<\/p>\n","protected":false},"author":1,"featured_media":0,"parent":0,"menu_order":0,"comment_status":"closed","ping_status":"closed","template":"","meta":{"footnotes":""},"class_list":["post-318","page","type-page","status-publish","hentry"],"_links":{"self":[{"href":"https:\/\/stuko.pl\/index.php?rest_route=\/wp\/v2\/pages\/318","targetHints":{"allow":["GET"]}}],"collection":[{"href":"https:\/\/stuko.pl\/index.php?rest_route=\/wp\/v2\/pages"}],"about":[{"href":"https:\/\/stuko.pl\/index.php?rest_route=\/wp\/v2\/types\/page"}],"author":[{"embeddable":true,"href":"https:\/\/stuko.pl\/index.php?rest_route=\/wp\/v2\/users\/1"}],"replies":[{"embeddable":true,"href":"https:\/\/stuko.pl\/index.php?rest_route=%2Fwp%2Fv2%2Fcomments&post=318"}],"version-history":[{"count":93,"href":"https:\/\/stuko.pl\/index.php?rest_route=\/wp\/v2\/pages\/318\/revisions"}],"predecessor-version":[{"id":951,"href":"https:\/\/stuko.pl\/index.php?rest_route=\/wp\/v2\/pages\/318\/revisions\/951"}],"wp:attachment":[{"href":"https:\/\/stuko.pl\/index.php?rest_route=%2Fwp%2Fv2%2Fmedia&parent=318"}],"curies":[{"name":"wp","href":"https:\/\/api.w.org\/{rel}","templated":true}]}}